 Suppose h*c + 21 = 3*c. Calculate the remainder when s(c) is divided by 3.
1
Let p = -31 - -45. What is the remainder when 24 is divided by p?
10
Suppose 0 = z + 4*z - 10. Suppose 3*j = -j + 3*v + 9, 3*j = -2*v + 11. Let t = j - 2. Calculate the remainder when z is divided by t.
0
Let c = -3 - -1. What is the remainder when -13*(-2 + 2 + -1) is divided by (c/(-2))/(2/14)?
6
Let n(z) = -11*z + 1. Let m be n(-1). Let p be (m/(-3)*1)/(-1). Let o = p + -2. Calculate the remainder when 2 is divided by o.
0
Let y = -22 - -35. Let j = y + -7. Calculate the remainder when j is divided by 4.
2
Let i(k) = -k**3 - 8*k**2 - 4*k. What is the remainder when i(-8) is divided by 6?
2
Suppose -2*v - 2*v + 292 = 0. Calculate the remainder when v is divided by 25.
23
Calculate the remainder when ((-20)/30)/((-4)/(-306)*-3) is divided by 1 - (-6 - 1*-1).
5
Suppose v - q + 1 = 0, 0 = 2*v - q - 0 - 3. Suppose 5*x + 3*k = -k + 71, 4*x = -v*k + 60. What is the remainder when 21 is divided by x?
10
Suppose 32 = 4*z - 0. Let x = 2 + 2. Let d = x - -1. What is the remainder when z is divided by d?
3
Suppose -5*y - v + 770 = 2*v, -v - 462 = -3*y. What is the remainder when y is divided by 39?
37
Let a(o) = 80*o - 2. Let l be a(2). Suppose -66 = -b - 5*v, b - 5*v - l = -2*b. Suppose 4*s - 95 = -s. Calculate the remainder when b is divided by s.
18
Suppose 15 = 2*w - w. What is the remainder when 27 is divided by w?
12
Suppose 4*z - 7 = 13. Suppose -j + 257 = 4*c + 4*j, -355 = -5*c + z*j. Calculate the remainder when c is divided by 23.
22
Let c = -21 - -48. Suppose 0 = -5*x + 145 + 35. Suppose -2*j + 2*g + x = 2, 5*g = -15. What is the remainder when c is divided by j?
13
Suppose -b - 4*b = -4*i + 108, i - b - 28 = 0. Let x = i - 24. What is the remainder when 15 is divided by x?
7
Let l = 36 + 1. Let z(f) = -f**2 + 9*f + 6. Calculate the remainder when l is divided by z(7).
17
Suppose 0 = -4*t - 5*t + 351. Let x = -12 - -22. What is the remainder when t is divided by x?
9
Suppose 3*k - 44 + 17 = 0. Suppose g - 15 = -c, 4*g + 3*c = 73 - k. Calculate the remainder when 37 is divided by g.
18
Suppose 0 = -c + 2*c - d - 10, -3*c + 2*d = -29. Let n(v) = 2*v + 2 + c*v + 2*v - 1. Calculate the remainder when 40 is divided by n(1).
12
Calculate the remainder when 29 is divided by 1 + (-5)/4 + (-246)/(-24).
9
Let h = -15 - -9. Let i(w) = 4 + 5*w**2 - w**3 - 2*w**3 + 4*w**3 - 6*w. Calculate the remainder when 6 is divided by i(h).
2
Let r = -3 + 0. Let k = r + 15. What is the remainder when k is divided by 7?
5
Let b(m) be the first derivative of m**4/4 + 9*m - 1. Suppose 1 + 1 = -4*r - p, -5*p - 10 = -2*r. What is the remainder when 17 is divided by b(r)?
8
Calculate the remainder when 76 is divided by ((-1)/(8/30))/((-15)/160).
36
Let w(v) = v + v**2 - v**2 + 16 - v**2. Calculate the remainder when w(0) is divided by 9.
7
Suppose 5*x - 15 = -5*v, 4*v - 2*x + 3*x - 27 = 0. Calculate the remainder when 22 is divided by v.
6
Let b(p) = p + 30. Calculate the remainder when b(8) is divided by 16.
6
Suppose 2 = 2*n - 24. Suppose -23 + 13 = -2*t. What is the remainder when n is divided by t?
3
Let b(n) = -3*n + 1. What is the remainder when b(-4) is divided by (5/2)/((-15)/(-30))?
3
Let y = 4 - -8. What is the remainder when 43 is divided by y?
7
Suppose 0 = -5*w + 4*p + 5, 5*w + 0*p - 3*p = 10. Suppose -3*x = -8*x + w. What is the remainder when 1 is divided by x?
0
Suppose 0 = -3*g, n - 13 - 1 = 4*g. What is the remainder when 26 is divided by n?
12
Let u = 45 + -28. What is the remainder when u is divided by 6?
5
Let i = -10 - -48. Let j = -11 - -21. Calculate the remainder when i is divided by j.
8
Calculate the remainder when 97 is divided by 2/12 + 788/24.
31
Let v = -9 + 17. Let c be (7 + -3)*1/2. Calculate the remainder when -2 + 5 - c - -22 is divided by v.
7
Let i be 3/(((-1)/10)/(-1)). Let x(t) = t**3 + 5*t**2 - 2*t - 2. Calculate the remainder when i/(-8)*4/(-1) is divided by x(-5).
7
Suppose 0 = -0*f + 2*f + 2*t - 16, 3*t - 30 = -5*f. What is the remainder when 20/(-5)*-2 - 3 is divided by f?
2
Suppose f = -0*n - 3*n + 36, 5*n - 60 = 5*f. Calculate the remainder when 32 is divided by n.
8
Let t = -3 - -52. Suppose -2*o + i = 20 - t, 0 = -4*o - 3*i + 33. What is the remainder when o is divided by 7?
5
Let k = -57 - -87. What is the remainder when k is divided by 11?
8
Let v(m) = m**2 - 5*m - 3. Calculate the remainder when v(-4) is divided by 17.
16
Suppose -92 = -22*y + 18*y. Calculate the remainder when 67 is divided by y.
21
Suppose -k - 4*k - 10 = 0, 2*d = 4*k + 38. What is the remainder when (-7980)/(-189) + (-2)/9 is divided by d?
12
Let t(w) = -4*w + 9. Calculate the remainder when t(-14) is divided by 17.
14
Let r = 15 - 9. Suppose -m + 31 = r. Calculate the remainder when m is divided by 7 + (1 - (2 + -3)).
7
Suppose -2*g = g - 51. Calculate the remainder when g is divided by 11.
6
Let u(b) = -4*b**2 + 8*b - 3. Let t(w) = 5*w**2 - 8*w + 4. Let f(y) = -5*t(y) - 6*u(y). Let l = 0 + -5. What is the remainder when f(l) is divided by 7?
6
Suppose -w + 24 = 4*w - 4*j, 5 = 2*w + 3*j. What is the remainder when 122 is divided by w?
2
Suppose -4*z + 80 = -0*z. Calculate the remainder when z is divided by (3 - (0 + -8))*1.
9
Suppose 0 = 2*p - 49 + 5. What is the remainder when (4/(-12))/(3/(-576)) is divided by p?
20
Suppose 0 = -2*v + 5 + 7. Suppose -z - 3*l = 1, z + 49 = v*z - 3*l. Let m(d) = d**2 - 5*d. What is the remainder when m(7) is divided by z?
6
Suppose 4*p - 14 = 14. What is the remainder when p is divided by 4?
3
Suppose -4*z = 7 - 123. Suppose r + z = 4*y - 2*r, -18 = -3*y + r. Suppose 2*w + y = 85. Calculate the remainder when w is divided by 14.
12
Suppose -2*y - 20 = -k, 5*k = y - 2*y + 155. What is the remainder when k is divided by 16?
14
Suppose 5*o = -4*u + 145, -4*u + 3*o - 100 = -269. Suppose -2*a - 15 = -3*z, 3*a + 9 = -0*a. Suppose d - z = 11. Calculate the remainder when u is divided by d.
12
Calculate the remainder when (7 + 0 + 17)*(-8)/(-6) is divided by 18.
14
Let g = 110 - 65. Suppose -4*n = 5*k - g, 5*n + 44 + 1 = 5*k. Calculate the remainder when 43 is divided by k.
7
Suppose -3*l + 4*v - v + 72 = 0, 3*v = -2*l + 33. Calculate the remainder when 61 is divided by l.
19
Let z = 20 + -8. What is the remainder when 47 is divided by z?
11
Let x(c) = -20*c - 6. What is the remainder when x(-5) is divided by (6 - 616/(-35)) + (-4)/(-10)?
22
Let x(i) = 5*i**2 + 14*i + 13. What is the remainder when 269 is divided by x(-5)?
65
Suppose 2*j = -2*j + 228. Suppose -2*o - o + j = 0. Calculate the remainder when o is divided by 7.
5
What is the remainder when ((-12)/36)/(0 - (-1)/(-564)) is divided by 64?
60
Suppose -3*c + 3 = 4*b - 9, -5*c = 3*b - 9. Suppose c = 4*p - 109 + 29. Let t(a) = 2*a**2 - 2*a - 1. What is the remainder when p is divided by t(-2)?
9
Suppose 4*s = -0*v + 5*v + 46, -5*s - 4*v + 78 = 0. What is the remainder when 38 is divided by s?
10
Suppose 26 = 4*y - 3*y. Calculate the remainder when y is divided by 14.
12
Suppose -2*o - 3 = -9. What is the remainder when o + 0 + 25 + -4 is divided by 13?
11
Calculate the remainder when (-66)/(-18) + (-4)/(-3) is divided by 3.
2
Let v(k) = -5*k**2. Let a be v(-1). Let f = 7 + a. Calculate the remainder when 4 is divided by f.
0
Let m = 63 + -111. Suppose -2*b - 80 - 78 = 0. Let s = m - b. Calculate the remainder when s is divided by 8.
7
Let z = -18 + 22. Calculate the remainder when 13 is divided by z.
1
Let v(m) = 6*m - 1. Let r = -9 - -9. Let f = 12 - r. What is the remainder when v(4) is divided by f?
11
Let c = -15 - -61. Let y(s) = -s**3 + s**2 - 2*s. What is the remainder when c is divided by y(-2)?
14
Let w(h) = 2*h + 5. Let x be w(-6). Let c = x + 5. What is the remainder when 29 is divided by (-4)/(0 + c/5)?
9
Let r = -26 + 51. Suppose -2*w - r = 13. Let v = 45 + w. What is the remainder when v is divided by 9?
8
Suppose -3*u + 4*o + 8 = -46, 5*u = 5*o + 90. What is the remainder when 124 is divided by u?
16
Suppose -g = 4 + 8. Let l = g + 18. Calculate the remainder when 159/9 + 2/l is divided by 7.
4
Suppose 4*h - 5*j = 102, 2*h - 5*j - 52 = -2*j. What is the remainder when 137 is divided by h?
22
Let s = 10 - 0. Calculate the remainder when 36 is divided by s.
6
Suppose 0 = -3*y